s the highest common divisor of 9 and 261?
9
Calculate the highest common factor of 1302 and 168.
42
What is the greatest common factor of 609 and 399?
21
What is the highest common factor of 3405 and 15?
15
What is the greatest common divisor of 10 and 5255?
5
What is the greatest common divisor of 9 and 261?
9
What is the greatest common divisor of 97 and 1067?
97
What is the greatest common divisor of 5427 and 134?
67
Calculate the greatest common factor of 10322 and 52.
26
What is the highest common divisor of 12 and 348?
12
What is the highest common divisor of 77988 and 388?
388
Calculate the highest common divisor of 1375 and 400.
25
Calculate the highest common divisor of 84 and 462.
42
What is the highest common factor of 26520 and 85?
85
Calculate the greatest common factor of 63 and 57.
3
Calculate the highest common divisor of 75 and 165.
15
What is the greatest common divisor of 100 and 40?
20
What is the highest common factor of 108 and 189?
27
What is the highest common divisor of 35 and 620?
5
What is the greatest common divisor of 5265 and 360?
45
What is the greatest common divisor of 7 and 119?
7
What is the highest common factor of 222 and 814?
74
What is the greatest common factor of 30 and 70?
10
What is the greatest common factor of 5 and 680?
5
Calculate the highest common factor of 114 and 36138.
114
Calculate the highest common divisor of 2562 and 1342.
122
Calculate the greatest common divisor of 32 and 1784.
8
Calculate the highest common factor of 5002 and 41.
41
Calculate the highest common factor of 45260 and 146.
146
Calculate the highest common factor of 5560 and 80.
40
Calculate the greatest common divisor of 101 and 34946.
101
Calculate the greatest common factor of 1564 and 276.
92
Calculate the highest common factor of 299 and 115.
23
Calculate the greatest common divisor of 212 and 53.
53
Calculate the highest common divisor of 30 and 370.
10
What is the greatest common divisor of 22 and 178?
2
What is the greatest common factor of 35 and 90?
5
Calculate the greatest common divisor of 8 and 790.
2
What is the highest common factor of 181 and 7602?
181
What is the highest common factor of 274 and 9179?
137
Calculate the greatest common divisor of 289 and 136.
17
What is the highest common divisor of 189 and 42?
21
Calculate the greatest common factor of 43 and 2236.
43
What is the greatest common divisor of 21 and 2163?
21
Calculate the greatest common factor of 220 and 484.
44
Calculate the greatest common divisor of 576 and 768.
192
What is the greatest common divisor of 2211 and 297?
33
What is the greatest common divisor of 19 and 1?
1
Calculate the greatest common divisor of 7125 and 570.
285
What is the greatest common factor of 4 and 18?
2
What is the greatest common divisor of 13 and 143?
13
Calculate the highest common divisor of 4 and 94.
2
What is the highest common divisor of 220 and 100?
20
Calculate the greatest common divisor of 1050 and 21.
21
Calculate the highest common divisor of 44 and 9658.
22
Calculate the highest common factor of 49 and 1477.
7
Calculate the highest common factor of 27 and 63.
9
What is the greatest common divisor of 288 and 18?
18
What is the highest common divisor of 500 and 100?
100
Calculate the greatest common divisor of 1583 and 4.
1
What is the greatest common divisor of 81 and 162?
81
Calculate the greatest common factor of 138 and 483.
69
What is the highest common factor of 524 and 393?
131
What is the greatest common factor of 657 and 9?
9
What is the highest common divisor of 372 and 837?
93
Calculate the highest common factor of 80 and 128.
16
What is the greatest common factor of 10586 and 134?
134
Calculate the greatest common divisor of 344 and 86.
86
What is the highest common divisor of 4670 and 10?
10
Calculate the greatest common factor of 170 and 68.
34
What is the highest common factor of 1650 and 700?
50
What is the greatest common factor of 46 and 1794?
46
What is the greatest common divisor of 152 and 2344?
8
Calculate the highest common divisor of 14 and 7.
7
What is the highest common divisor of 150 and 12?
6
Calculate the greatest common divisor of 212 and 11554.
106
What is the highest common divisor of 1 and 7?
1
Calculate the greatest common divisor of 80 and 730.
10
Calculate the highest common divisor of 16677 and 27.
9
Calculate the greatest common factor of 26 and 130.
26
Calculate the highest common factor of 106 and 53.
53
Calculate the highest common divisor of 184 and 69.
23
Calculate the highest common divisor of 8 and 36.
4
Calculate the greatest common divisor of 1106 and 28.
14
Calculate the highest common factor of 642 and 12.
6
Calculate the highest common divisor of 133 and 91.
7
Calculate the greatest common factor of 4506 and 12.
6
Calculate the highest common divisor of 13 and 12.
1
What is the greatest common factor of 1260 and 70?
70
What is the greatest common factor of 192 and 3000?
24
What is the highest common divisor of 36 and 117?
9
Calculate the highest common divisor of 120 and 110.
10
Calculate the highest common factor of 98 and 112.
14
Calculate the highest common factor of 1067 and 242.
11
What is the greatest common factor of 768 and 1728?
192
What is the greatest common divisor of 24 and 1848?
24
What is the greatest common factor of 24 and 36?
12
Calculate the highest common factor of 13 and 4.
1
Calculate the highest common factor of 110 and 72655.
55
What is the highest common divisor of 7712 and 160?
32
Calculate the greatest common divisor of 13 and 28639.
13
Calculate the greatest common factor of 216 and 8.
8
What is the greatest common factor of 4 and 68?
4
Calculate the greatest common divisor of 280 and 2590.
70
What is the highest common factor of 54 and 378?
54
What is the highest common divisor of 88 and 7128?
88
Calculate the highest common factor of 105 and 98.
7
Calculate the highest common factor of 1044 and 87.
87
What is the greatest common divisor of 13450 and 25?
25
Calculate the highest common factor of 14101 and 59.
59
Calculate the highest common divisor of 32 and 3152.
16
What is the greatest common factor of 441 and 9?
9
Calculate the highest common factor of 5940 and 550.
110
Calculate the highest common divisor of 159 and 48813.
159
What is the highest common divisor of 111 and 4773?
111
Calculate the highest common divisor of 20 and 2140.
20
Calculate the greatest common factor of 51 and 119.
17
What is the highest common divisor of 44 and 594?
22
What is the greatest common factor of 312 and 156?
156
What is the highest common factor of 548 and 959?
137
Calculate the highest common factor of 198 and 7362.
18
Calculate the greatest common factor of 2673 and 33.
33
What is the highest common factor of 270 and 1455?
15
What is the highest common factor of 13 and 299?
13
Calculate the greatest common factor of 57 and 209.
19
Calculate the highest common divisor of 12 and 84.
12
Calculate the greatest common factor of 119 and 7361.
17
Calculate the greatest common divisor of 11 and 638.
11
What is the highest common factor of 20 and 50780?
20
Calculate the greatest common divisor of 10 and 145.
5
What is the greatest common factor of 725 and 29?
29
Calculate the greatest common divisor of 6527 and 107.
107
Calculate the highest common divisor of 847 and 1089.
121
Calculate the highest common factor of 900 and 20.
20
Calculate the highest common factor of 25 and 15.
5
What is the greatest common divisor of 81 and 18?
9
Calculate the highest common factor of 682 and 651.
31
What is the greatest common factor of 63 and 783?
9
Calculate the highest common factor of 32 and 784.
16
What is the greatest common divisor of 66 and 308?
22
What is the greatest common factor of 2987 and 618?
103
What is the highest common factor of 2346 and 102?
102
What is the greatest common divisor of 2249 and 13?
13
Calculate the highest common factor of 14238 and 252.
126
Calculate the highest common factor of 715 and 117.
13
Calculate the highest common divisor of 122 and 6466.
122
What is the greatest common divisor of 36 and 2007?
9
Calculate the highest common factor of 1976 and 38.
38
What is the highest common factor of 2303 and 49?
49
Calculate the greatest common factor of 3654 and 84.
42
W